
False
Is 270097 prime?
True
Is 427859 prime?
True
Is 57521 a prime number?
False
Is 67001 prime?
False
Is 4553 a composite number?
True
Is 71471 composite?
False
Is 3989 composite?
False
Is 69691 a composite number?
False
Is 5578 a prime number?
False
Is 342959 prime?
False
Is 1211 composite?
True
Is 110303 composite?
True
Is 42259 a prime number?
False
Is 95341 prime?
False
Is 312293 a prime number?
False
Is 1657 a composite number?
False
Is 11441 composite?
True
Is 41061 composite?
True
Is 2513 a composite number?
True
Is 75151 a prime number?
False
Is 74915 composite?
True
Is 4177 a composite number?
False
Is 549623 prime?
True
Is 2581 prime?
False
Is 27883 a prime number?
True
Is 435419 a prime number?
True
Is 12637 prime?
True
Is 7789 a prime number?
True
Is 1312295 prime?
False
Is 14081 prime?
True
Is 626213 a prime number?
False
Is 17869 prime?
False
Is 512047 a composite number?
False
Is 66457 a prime number?
True
Is 398363 prime?
False
Is 6839 a composite number?
True
Is 121853 a composite number?
False
Is 383563 composite?
True
Is 48973 a prime number?
True
Is 16759 prime?
True
Is 185474 a composite number?
True
Is 6653 prime?
True
Is 5806 composite?
True
Is 153937 a composite number?
True
Is 142 prime?
False
Is 18353 composite?
False
Is 29371 a prime number?
False
Is 36973 a prime number?
True
Is 14303 prime?
True
Is 5981 a prime number?
True
Is 9587 a prime number?
True
Is 21379 a composite number?
False
Is 220085 composite?
True
Is 1294 composite?
True
Is 342257 composite?
False
Is 107161 composite?
True
Is 22853 a composite number?
False
Is 489 a prime number?
False
Is 48241 composite?
True
Is 992333 composite?
True
Is 3643 a prime number?
True
Is 123863 composite?
False
Is 379837 prime?
True
Is 437 a composite number?
True
Is 4249 a composite number?
True
Is 15559 a composite number?
False
Is 79801 a prime number?
True
Is 2329 composite?
True
Is 9977 a composite number?
True
Is 82157 a prime number?
False
Is 107791 prime?
True
Is 1517 composite?
True
Is 1913 a composite number?
False
Is 3603 a prime number?
False
Is 455395 a prime number?
False
Is 4547 a composite number?
False
Is 502651 prime?
True
Is 1367 prime?
True
Is 153157 composite?
True
Is 2395 a composite number?
True
Is 37651 prime?
False
Is 305153 a prime number?
False
Is 10903 composite?
False
Is 1399 a composite number?
False
Is 54947 composite?
True
Is 20137 prime?
False
Is 1163 composite?
False
Is 11003 composite?
False
Is 106487 prime?
True
Is 7403 a composite number?
True
Is 199151 prime?
True
Is 3793 prime?
True
Is 2991 a composite number?
True
Is 9383 composite?
True
Is 1633 a prime number?
False
Is 70637 a prime number?
False
Is 23809 a composite number?
True
Is 325057 prime?
False
Is 50899 prime?
False
Is 197147 a prime number?
True
Is 144289 a composite number?
False
Is 290903 prime?
False
Is 72337 a prime number?
True
Is 10909 composite?
False
Is 1966879 a prime number?
True
Is 11759 a composite number?
True
Is 150809 prime?
False
Is 80599 a prime number?
True
Is 24053 a prime number?
False
Is 2797 composite?
False
Is 3033383 a prime number?
True
Is 1205 prime?
False
Is 142 composite?
True
Is 115963 prime?
True
Is 131411 a prime number?
False
Is 114419 prime?
True
Is 59043 a composite number?
True
Is 3047 a composite number?
True
Is 304331 prime?
True
Is 16487 a prime number?
True
Is 17237 a composite number?
True
Is 257767 prime?
False
Is 189281 a composite number?
True
Is 149351 a prime number?
True
Is 30301 composite?
True
Is 253621 a prime number?
False
Is 234271 a composite number?
False
Is 10639 a composite number?
False
Is 183455 a prime number?
False
Is 67787 composite?
True
Is 29629 composite?
False
Is 463783 composite?
True
Is 7327 prime?
False
Is 91673 prime?
True
Is 1160659 prime?
True
Is 85047 a prime number?
False
Is 31895 a composite number?
True
Is 5131 a composite number?
True
Is 515717 composite?
True
Is 87439 a prime number?
False
Is 10747 prime?
False
Is 52661 composite?
True
Is 537123 a composite number?
True
Is 167809 composite?
False
Is 647 a prime number?
True
Is 896069 composite?
False
Is 4911 composite?
True
Is 479393 composite?
True
Is 308893 prime?
False
Is 1142059 a composite number?
False
Is 56995 a prime number?
False
Is 298183 a prime number?
False
Is 26547 composite?
True
Is 485479 prime?
True
Is 57161 a composite number?
True
Is 4853 a prime number?
False
Is 14369 a prime number?
True
Is 192277 a composite number?
True
Is 72061 prime?
False
Is 787867 a composite number?
True
Is 116897 prime?
False
Is 46987 prime?
False
Is 16917 prime?
False
Is 650813 composite?
False
Is 54893 composite?
True
Is 123811 a composite number?
True
Is 12197 a composite number?
False
Is 68813 a composite number?
False
Is 25049 composite?
True
Is 98999 composite?
False
Is 4193619 a prime number?
False
Is 18545 prime?
False
Is 7817 a composite number?
False
Is 59091 a prime number?
False
Is 120215 a prime number?
False
Is 1350257 prime?
True
Is 61055 a prime number?
False
Is 102965 prime?
False
Is 30679 a prime number?
False
Is 1014329 composite?
True
Is 58559 composite?
True
Is 68989 prime?
False
Is 441709 prime?
False
Is 49337 prime?
False
Is 125183 prime?
True
Is 22205 composite?
True
Is 72053 prime?
True
Is 15227 a composite number?
False
Is 74615 a prime number?
False
Is 9235 a prime number?
False
Is 7613 composite?
True
Is 1798579 prime?
False
Is 1105517 prime?
False
Is 38543 a prime number?
True
Is 599686 a composite number?
True
Is 11409 a composite number?
True
Is 11301 a prime number?
False
Is 717721 composite?
True
Is 13343 prime?
False
Is 231743 a prime number?
False
Is 31121 composite?
False
Is 357187 a prime number?
False
Is 72095 prime?
False
Is 448837 a prime number?
False
Is 594485 prime?
False
Is 357407 composite?
True
Is 474041 a prime number?
False
Is 179 prime?
True
Is 409 composite?
False
Is 14471 a composite number?
True
Is 83693 composite?
True
Is 6779 composite?
False
Is 17741 a composite number?
True
Is 338357 prime?
False
Is 2722 a composite number?
True
Is 270367 a composite number?
True
Is 13291 prime?
True
Is 24587 a composite number?
True
Is 19319 composite?
False
Is 51607 a composite number?
False
Is 685145 composite?
True
Is 5069 a prime number?
False
Is 3719 a composite number?
False
Is 1219 prime?
False
Is 307909 prime?
False
Is 8803 composite?
False
Is 44509 prime?
False
Is 92077 a composite number?
False
Is 261971 composite?
False
Is 4654963 a composite number?
False
Is 59833 composite?
False
Is 141 prime?
False
Is 39599 a composite number?
True
Is 125306 composite?
True
Is 19621 composite?
True
Is 11957 composite?
True
Is 6521 a prime number?
True
Is 80609 composite?
True
Is 38593 prime?
True
Is 17159 composite?
False
Is 20663 prime?
True
Is 21955 composite?
True
Is 36181 a composite number?
True
Is 27227 a composite number?
True
Is 53213 composite?
True
Is 12811 composite?
True
Is 9934 composite?
True
Is 77069 prime?
True
Is 149239 composite?
False
Is 20477 prime?
True
Is 1680559 a composite number?
True
Is 52051 composite?
False
Is 287137 prime?
True
Is 17481 a prime number?
False
Is 242455 composite?
True
Is 38483 a composite number?
True
Is 1113451 a composite number?
False
Is 464431 composite?
True
Is 325931 a composite number?
True
Is 57394 a prime number?
False
Is 1709 prime?
True
Is 361239 composite?
True
Is 209915 a composite number?
True
Is 7861 a prime number?
False
Is 283621 a composite number?
True
Is 28759 a composite number?
False
Is 56369 prime?
True
Is 333019 a prime number?
True
Is 149071 a prime number?
False
Is 161831 prime?
True
Is 17011 a prime number?
True
Is 14727 a composite number?
True
Is 11677 a composite number?
False
Is 652929 a composite number?
True
Is 176179 a composite number?
False
Is 25099 a prime number?
False
Is 45433 a composite number?
False
Is 211039 prime?
True
Is 23431 a prime number?
True
Is 6779 prime?
True
Is 899666 prime?
False
Is 94229 a prime number?
True
Is 957071 composite?
False
Is 37531 composite?
True
Is 118127 composite?
False
Is 3238 composite?
True
Is 11549 composite?
False
Is 28123 composite?
False
Is 2233262 prime?
False
Is 31439 prime?
False
Is 116059 prime?
False
Is 84787 a prime number?
True
Is 64537 a prime number?
False
Is 238883 a composite 